
Let p(y) = 38*y**2 + y. What is p(-1)?
37
Let o(f) = -f**2 - 10*f - 11. Give o(-8).
5
Let l(q) = q**3 + 3*q**2 - 4*q + 4. Determine l(-5).
-26
Let k(y) = 5*y**2 + 27*y - 2. Calculate k(-6).
16
Let r(y) = -y**2 - 3*y + 10. Determine r(-6).
-8
Let c(a) = 2*a + 7. Calculate c(-5).
-3
Let x(y) = -y**3 + 9*y**2 + 41*y - 57. Give x(12).
3
Let q(c) = c**3 - 8*c**2 + 2*c + 16. Determine q(8).
32
Let a(v) = -3*v**2 - 3*v - 8. Give a(-5).
-68
Let n(h) = 4*h**2 - 94*h - 52. What is n(24)?
-4
Let d(l) = -4*l**2 + l + 5. Calculate d(-5).
-100
Let s(t) = -2*t**3 + 9*t**2 + 2*t + 6. Give s(5).
-9
Let l(d) = 108*d + 321. Determine l(-3).
-3
Let a(o) = -o**3 - 3*o**2 + 7*o - 13. Determine a(-5).
2
Let j(b) = -b**2 + 4*b - 12. Determine j(6).
-24
Let m(t) = -3*t**2 + 51*t - 127. Calculate m(14).
-1
Let v(g) = g**2 - 5*g - 2. Give v(5).
-2
Let q(s) = -4*s**3 - 11*s**2 + 27*s - 2. Determine q(2).
-24
Let f(y) = y**2 - 9*y - 9. Give f(7).
-23
Let w(d) = 81*d + 2. Calculate w(1).
83
Let w(b) = -8*b + 1. What is w(-6)?
49
Let s(g) = -13*g + 85. Give s(6).
7
Let i(j) = j - 5. What is i(-4)?
-9
Let o(a) = a**3 - 8*a**2 + 12*a + 14. Determine o(6).
14
Let s(h) = -h**3 + 6*h**2 + 5*h - 7. What is s(6)?
23
Let f(y) = 8*y + 2. What is f(0)?
2
Let f(x) = -x**3 - 8*x**2 - 9*x - 17. Determine f(-7).
-3
Let d(l) = -l**3 + 21*l**2 + 22*l - 1. What is d(22)?
-1
Let u(s) = -3*s**2 + 16*s - 22. Determine u(3).
-1
Let t(p) = -4*p - 101. What is t(-27)?
7
Let x(q) = -q**3 - 4*q**2 + 6*q + 4. Calculate x(-5).
-1
Let i(w) = -3*w**2 + 6*w - 6. What is i(5)?
-51
Let d(b) = 2*b**2 - 4*b - 3. Give d(5).
27
Let q(a) = -a**3 - 15*a**2 - 16*a - 12. Calculate q(-14).
16
Let x(s) = -2*s**3 + 3*s**2 - s + 1. Give x(2).
-5
Let b(u) = -u**3 + 6*u**2 + 8*u - 2. What is b(7)?
5
Let z(r) = r**2 - 27*r - 139. Calculate z(31).
-15
Let l(r) = r**2 - 7. Determine l(-6).
29
Let u(g) = -11*g + 23. Give u(0).
23
Let a(q) = q**2 + 18*q - 54. What is a(-22)?
34
Let t(w) = -w**2 + 4*w. What is t(5)?
-5
Let n(g) = -27*g - 1. What is n(-1)?
26
Let i(j) = 14*j + 5. Calculate i(1).
19
Let m(t) = t**3 + 34*t**2 + t + 40. Calculate m(-34).
6
Let x(r) = -r**3 + 6*r**2 - 6*r + 2. Give x(3).
11
Let w(m) = 6*m - 6. Determine w(-4).
-30
Let p(n) = 2*n**2 + 10*n - 23. Give p(-7).
5
Let a(q) = 21*q + 58. Give a(-8).
-110
Let x(a) = a**3 - 21*a**2 - 2*a + 31. Give x(21).
-11
Let a(s) = -8*s**2 + 129*s - 19. Give a(16).
-3
Let c(s) = s**2 + 4*s + 7. Calculate c(-5).
12
Let b(p) = p**3 - 13*p**2 - 15*p + 9. Give b(14).
-5
Let x(a) = -2*a**2 + 3*a - 7. Calculate x(2).
-9
Let n(k) = k**2 + 10*k - 17. Determine n(-11).
-6
Let x(n) = n**2 - 8*n + 7. What is x(3)?
-8
Let h(r) = -31*r - 50. Give h(-4).
74
Let c(m) = -2*m**2 + 29*m + 14. Calculate c(15).
-1
Let o(h) = -h**3 - 13*h**2 + 48*h + 34. Calculate o(-16).
34
Let v(n) = n**3 - 3*n**2 + 12*n - 40. Calculate v(4).
24
Let p(w) = 2*w**3 - 33*w**2 + 16*w + 8. Determine p(16).
8
Let a(p) = p**2 - 11*p - 39. Determine a(13).
-13
Let b(u) = 18*u**2 + 5*u + 5. Calculate b(-1).
18
Let d(b) = -7*b + 15. Determine d(3).
-6
Let c(j) = -j**3 + 41*j**2 - 42*j + 9. Give c(40).
-71
Let x(h) = 5*h**2 + 7*h + 6. What is x(-1)?
4
Let x(r) = -r**3 - 14*r**2 - 48*r - 3. Determine x(-7).
-10
Let o(l) = l**3 - 15*l**2 - l + 6. Give o(15).
-9
Let g(o) = -2*o**2 + 7*o - 5. Give g(4).
-9
Let t(d) = -d**3 + 8*d**2 + 4*d - 28. Calculate t(8).
4
Let t(x) = x**3 + 6*x**2 - 10*x - 2. Calculate t(-7).
19
Let s(w) = -3*w - 18. Determine s(-6).
0
Let y(k) = -k**3 - 8*k**2 - 7*k + 16. Determine y(-7).
16
Let l(x) = -33*x + 24. Give l(1).
-9
Let n(a) = 10*a + 8. Give n(4).
48
Let q(u) = -18*u + 3. Determine q(2).
-33
Let s(z) = -2*z**2 + 19*z + 177. Calculate s(-6).
-9
Let u(d) = -d**3 - 12*d**2 + 22*d + 19. Determine u(-14).
103
Let g(i) = 2*i**2 + 37*i + 42. Calculate g(-17).
-9
Let q(y) = -2*y - 8. Determine q(2).
-12
Let b(k) = -8*k**3 + k - 3. Calculate b(-2).
59
Let s(o) = 2*o**3 - 6*o**2 + 6*o + 1. Determine s(3).
19
Let z(t) = t**3 + 8*t**2 + 13*t - 10. What is z(-5)?
0
Let u(o) = -51*o - 111. Give u(-2).
-9
Let s(t) = t**2 - t - 2. What is s(-1)?
0
Let b(z) = -223*z + 219. Calculate b(1).
-4
Let d(i) = 13*i + 62. Calculate d(-4).
10
Let f(n) = n**3 - 5*n**2 + 7. What is f(4)?
-9
Let x(z) = -17*z**2 + 35*z - 33. Calculate x(1).
-15
Let y(r) = -r**3 - r**2 + 19*r - 10. Give y(-5).
-5
Let o(c) = c**2 + 16*c + 59. What is o(-7)?
-4
Let f(y) = 21*y + 7. Determine f(2).
49
Let c(j) = j**3 - 8*j**2 + 7*j - 4. What is c(7)?
-4
Let h(o) = o**2 + 7*o + 14. Give h(-7).
14
Let n(w) = 2*w**2 - 49. Calculate n(0).
-49
Let m(q) = -q**3 + 4*q**2 - 8*q + 3. What is m(4)?
-29
Let l(u) = 19*u - 3. Give l(1).
16
Let x(h) = -2*h + 15. Give x(-13).
41
Let j(c) = c**2 - 6*c - 27. What is j(9)?
0
Let m(p) = -9*p - 7. Determine m(5).
-52
Let d(w) = 18*w - 2. Determine d(1).
16
Let a(r) = r**3 - 11*r**2 + 29*r. Calculate a(4).
4
Let s(w) = -91*w**3 + 2*w**2 - 3*w + 2. Determine s(1).
-90
Let a(f) = -2*f**3 - 18*f**2 - 18*f - 13. Determine a(-8).
3
Let x(q) = 15*q - 273. Give x(17).
-18
Let t(f) = -f**2 - 23*f - 19. What is t(-22)?
3
Let d(z) = -z**3 + 10*z**2 + 72*z - 5. Calculate d(-5).
10
Let m(i) = 14*i - 24. What is m(6)?
60
Let t(z) = z**3 + 2*z**2 - 6*z - 5. Determine t(-4).
-13
Let j(a) = -5*a - 75. Give j(-16).
5
Let u(y) = -2*y + 10. Determine u(3).
4
Let q(w) = w**2 - 8*w + 4. Calculate q(3).
-11
Let x(a) = -2*a**3 - 3*a**2 - a + 10. Give x(-3).
40
Let l(t) = 2*t**2 - 4*t - 4. Calculate l(5).
26
Let k(p) = p**2 - 22*p + 8. Determine k(20).
-32
Let u(v) = v**3 + 26*v**2 - 28*v - 26. What is u(-27)?
1
Let k(u) = u**3 + 3*u**2 - 2*u - 4. Determine k(-4).
-12
Let x(t) = -8*t - 1. What is x(2)?
-17
Let m(v) = v**2 - 8*v + 2. Determine m(8).
2
Let m(w) = -w**2 - w + 8. Calculate m(-4).
-4
Let u(p) = -p**2 + 2*p - 9. Give u(7).
-44
Let i(g) = -5*g + 43. Calculate i(8).
3
Let t(i) = i**3 - 2*i**2 + 3*i + 2. Calculate t(-3).
-52
Let q(k) = -k**3 - 5*k**2 + 4*k - 3. Determine q(-6).
9
Let a(j) = -10*j - 38. Give a(-4).
2
Let f(i) = -13*i + 113. Determine f(9).
-4
Let n(q) = -4*q - 5. Calculate n(4).
-21
Let v(x) = x**2 - 9*x + 12. Determine v(8).
4
Let r(f) = f**3 - 8*f**2 + 8*f + 5. Calculate r(6).
-19
Let d(z) = z**2 + 5*z + 7. Calculate d(-6).
13
Let v(b) = -b**3 + 10*b**2 - 53*b + 404. Determine v(9).
8
Let d(y) = 3*y + 11. Determine d(-5).
-4
Let u(x) = 4*x**3 + 2*x**2 - 12*x - 14. What is u(-1)?
-4
Let m(i) = -6*i**3 - 2*i**2 - i. Give m(-2).
42
Let x(n) = -n**3 - 7*n**2 - 9*n + 6. Determine x(-5).
1
Let l(w) = -w**2 + 7*w + 2. What is l(7)?
2
Let y(j) = -2*j - 37. Determine y(-9).
-19
Let v(s) = s**3 + 6*s**2 - s - 1. Give v(-3).
29
Let h(w) = 2*w - 1. Determine h(-5).
-11
Let b(n) = -5*n**2 - 136*n + 2. Calculate b(-27).
29
Let d(f) = 31*f - 172. Determine d(7).
45
Let z(i) = i**2 + 20*i + 34. What is z(-20)?
34
Let j(t) = t**3 + 26*t**2 + 3*t + 77. Give j(-26).
-1
Let h(v) = 4*v - 72. Give h(-24).
-168
Let f(x) = -5*x + 60. Give f(6).
30
Let q(c) = -6*c - 24. Calculate q(-8).
24
Let y(n) = 11*n**2 - n + 2. Calculate y(1).
12
Let y(u) = -u**3 + 24*u**2 + 54*u - 39. Calculate y(26).
13
Let v(x) = -42*x - 712. Determine v(-17).
2
Let x(z) = -3*z**2 - 101*z + 37. Give x(-34).
3
Let z(d) = d**2 + 27*d + 174. Give z(-10).
4
Let s(i) = -i**3 - 22*i**2 - 22*i - 16. What is s(-21)?
5
Let j(t) = t**2 - 7*t + 11. Determine j(6).
5
Let a(l) = l - 5. Calculate a(0).
-5
Let d(s) = s**3 - 17*s**2 + 33*s - 17. Calculate d(15).
28
Let d(m) = 2*m + 48. Give d(-7).
34
Let k(w) = w**2 - 7*w. Calculate k(8).
8
Let q(l) = l + 8. What is q(-8)?
0
Let r(g) = -g**2 + 6*g + 11. What is r(6)?
11
Let v(m) = 5*m - 3. What is v(6)?
27
Let d(y) = -y**3 + 9*y**2 - 9*y - 2. What is d(8)?
-10
Let s(v) = v**2 - 8*v - 14. Give s(10).
6
Let n(i) = -9*i + 15. Give n(-5).
60
Let l(h) = h**3 + 6*h**2 + 2*h + 3. What is l(-5)?
18
Let k(f) = -3*f - 28. Give k(-9).
-1
Let x(g) = -g**2 - 21*g + 1. Calculate x(-17).
69
Let l(v) = -v**3 - 9*v**2 + 13*v + 38. What is l(-10)?
8
Let y(m) = -m**3 + 9*m**2 - m + 11. Determine y(9).
2
Let a(b) = b**2 + 7*b + 18. Determine a(-5).
8
Let h(z) = z**3 - 3*z**2 - 8*z + 3. Calculate h(5).
13
Let q(j) = j**3 - 3*j**2 + 64*j - 124. Calculate q(2).
0
Let p(q) = -3*q**3 + 27*q**2 + q + 10. Calculate p(9).
19
Let g(n) = -4*